rs of 5723.
59, 97
List the prime factors of 6141.
3, 23, 89
List the prime factors of 19043.
137, 139
List the prime factors of 663.
3, 13, 17
What are the prime factors of 306?
2, 3, 17
List the prime factors of 11761.
19, 619
What are the prime factors of 88102?
2, 7, 29, 31
What are the prime factors of 7700?
2, 5, 7, 11
What are the prime factors of 151?
151
What are the prime factors of 2875?
5, 23
What are the prime factors of 5053?
31, 163
List the prime factors of 1370.
2, 5, 137
What are the prime factors of 1502?
2, 751
List the prime factors of 349.
349
List the prime factors of 265.
5, 53
What are the prime factors of 1346?
2, 673
What are the prime factors of 69?
3, 23
What are the prime factors of 8942?
2, 17, 263
What are the prime factors of 574?
2, 7, 41
What are the prime factors of 9362?
2, 31, 151
What are the prime factors of 22377?
3, 7459
What are the prime factors of 47121?
3, 113, 139
List the prime factors of 19187.
7, 2741
What are the prime factors of 15435?
3, 5, 7
List the prime factors of 19907.
17, 1171
What are the prime factors of 531?
3, 59
List the prime factors of 1088.
2, 17
List the prime factors of 6290.
2, 5, 17, 37
What are the prime factors of 12994?
2, 73, 89
What are the prime factors of 783?
3, 29
List the prime factors of 8602.
2, 11, 17, 23
What are the prime factors of 469?
7, 67
List the prime factors of 920.
2, 5, 23
List the prime factors of 1285.
5, 257
List the prime factors of 289.
17
List the prime factors of 2895.
3, 5, 193
List the prime factors of 15262.
2, 13, 587
What are the prime factors of 597?
3, 199
What are the prime factors of 1078?
2, 7, 11
What are the prime factors of 10535?
5, 7, 43
What are the prime factors of 46208?
2, 19
What are the prime factors of 1648?
2, 103
What are the prime factors of 7403?
11, 673
What are the prime factors of 8224?
2, 257
What are the prime factors of 55368?
2, 3, 769
List the prime factors of 4996.
2, 1249
List the prime factors of 62889.
3, 20963
List the prime factors of 1382.
2, 691
What are the prime factors of 1369?
37
What are the prime factors of 23118?
2, 3, 3853
List the prime factors of 3224.
2, 13, 31
List the prime factors of 11824.
2, 739
What are the prime factors of 20060?
2, 5, 17, 59
What are the prime factors of 22032?
2, 3, 17
What are the prime factors of 27385?
5, 5477
List the prime factors of 1353.
3, 11, 41
What are the prime factors of 46?
2, 23
List the prime factors of 8319.
3, 47, 59
What are the prime factors of 11941?
11941
List the prime factors of 3522.
2, 3, 587
List the prime factors of 1034.
2, 11, 47
List the prime factors of 32606.
2, 7, 17, 137
What are the prime factors of 3425?
5, 137
List the prime factors of 15422.
2, 11, 701
What are the prime factors of 4078?
2, 2039
What are the prime factors of 2176?
2, 17
What are the prime factors of 69304?
2, 8663
List the prime factors of 491.
491
What are the prime factors of 3890?
2, 5, 389
What are the prime factors of 1389?
3, 463
What are the prime factors of 36330?
2, 3, 5, 7, 173
What are the prime factors of 35452?
2, 8863
What are the prime factors of 5286?
2, 3, 881
What are the prime factors of 76275?
3, 5, 113
List the prime factors of 907.
907
List the prime factors of 76183.
29, 37, 71
What are the prime factors of 8223?
3, 2741
List the prime factors of 13513.
13513
What are the prime factors of 34983?
3, 13, 23
What are the prime factors of 15284?
2, 3821
List the prime factors of 1123.
1123
What are the prime factors of 1542?
2, 3, 257
List the prime factors of 1297.
1297
What are the prime factors of 2533?
17, 149
What are the prime factors of 7607?
7607
List the prime factors of 45225.
3, 5, 67
List the prime factors of 8837.
8837
What are the prime factors of 673?
673
What are the prime factors of 1987?
1987
List the prime factors of 6759.
3, 751
List the prime factors of 126.
2, 3, 7
List the prime factors of 2838.
2, 3, 11, 43
List the prime factors of 1114.
2, 557
List the prime factors of 11131.
11131
What are the prime factors of 9353?
47, 199
What are the prime factors of 1106?
2, 7, 79
What are the prime factors of 85952?
2, 17, 79
What are the prime factors of 3032?
2, 379
What are the prime factors of 3988?
2, 997
List the prime factors of 13524.
2, 3, 7, 23
List the prime factors of 2293.
2293
List the prime factors of 3908.
2, 977
List the prime factors of 326.
2, 163
What are the prime factors of 3645?
3, 5
What are the prime factors of 3659?
3659
List the prime factors of 27123.
3, 9041
What are the prime factors of 6822?
2, 3, 379
List the prime factors of 17646.
2, 3, 17, 173
List the prime factors of 162.
2, 3
What are the prime factors of 1732?
2, 433
List the prime factors of 3614.
2, 13, 139
What are the prime factors of 1614?
2, 3, 269
What are the prime factors of 931?
7, 19
What are the prime factors of 8782?
2, 4391
List the prime factors of 4717.
53, 89
What are the prime factors of 25561?
25561
What are the prime factors of 6427?
6427
List the prime factors of 3577.
7, 73
What are the prime factors of 1661?
11, 151
What are the prime factors of 14902?
2, 7451
What are the prime factors of 16931?
16931
What are the prime factors of 3393?
3, 13, 29
List the prime factors of 1348.
2, 337
List the prime factors of 84273.
3, 7, 4013
What are the prime factors of 12424?
2, 1553
What are the prime factors of 59076?
2, 3, 547
What are the prime factors of 1838?
2, 919
List the prime factors of 3558.
2, 3, 593
List the prime factors of 1189.
29, 41
List the prime factors of 21577.
21577
What are the prime factors of 13383?
3, 1487
List the prime factors of 1242.
2, 3, 23
List the prime factors of 2638.
2, 1319
What are the prime factors of 21054?
2, 3, 11, 29
What are the prime factors of 17455?
5, 3491
What are the prime factors of 20999?
11, 23, 83
List the prime factors of 129.
3, 43
List the prime factors of 1287.
3, 11, 13
What are the prime factors of 7244?
2, 1811
List the prime factors of 38465.
5, 7, 157
List the prime factors of 2104.
2, 263
What are the prime factors of 96?
2, 3
What are the prime factors of 19756?
2, 11, 449
What are the prime factors of 1354?
2, 677
What are the prime factors of 807?
3, 269
List the prime factors of 324.
2, 3
What are the prime factors of 1732?
2, 433
List the prime factors of 12921.
3, 59, 73
List the prime factors of 72394.
2, 7, 5171
What are the prime factors of 360?
2, 3, 5
What are the prime factors of 5223?
3, 1741
List the prime factors of 3301.
3301
List the prime factors of 1356.
2, 3, 113
What are the prime factors of 18312?
2, 3, 7, 109
What are the prime factors of 2788?
2, 17, 41
List the prime factors of 95771.
13, 53, 139
List the prime factors of 184039.
184039
What are the prime factors of 640?
2, 5
What are the prime factors of 6501?
3, 11, 197
List the prime factors of 2962.
2, 1481
What are the prime factors of 55612?
2, 13903
What are the prime factors of 49045?
5, 17, 577
What are the prime factors of 5620?
2, 5, 281
List the prime factors of 18922.
2, 9461
What are the prime factors of 2095?
5, 419
What are the prime factors of 489?
3, 163
What are the prime factors of 2348?
2, 587
What are the prime factors of 11769?
3, 3923
List the prime factors of 7826.
2, 7, 13, 43
List the prime factors of 4514.
2, 37, 61
List the prime factors of 95263.
7, 31, 439
What are the prime factors of 201?
3, 67
What are the prime factors of 598?
2, 13, 23
What are the prime factors of 14352?
2, 3, 13, 23
What are the prime factors of 1188?
2, 3, 11
What are the prime factors of 4496?
2, 281
What are the prime factors of 1025?
5, 41
What are the prime factors of 1397?
11, 127
What are the prime factors of 1764?
2, 3, 7
List the prime factors of 262.
2, 131
List the prime factors of 7873.
7873
What are the prime factors of 34981?
34981
What are the prime factors of 282?
2, 3, 47
List the prime factors of 50.
2, 5
List the prime factors of 7330.
2, 5, 733
List the prime factors of 2422.
2, 7, 173
List the prime factors of 6142.
2, 37, 83
List the prime factors of 728.
2, 7, 13
List the prime factors of 887.
887
What are the prime factors of 166?
2, 83
What are the prime factors of 1996?
2, 499
What are the prime factors of 85646?
2, 11, 17, 229
List the prime factors 